 common factor of k and 80.
10
Let q be (8/(-8))/(1/(-26)). Let v = q + -20. What is the greatest common divisor of 48 and v?
6
Let w(h) = -h**3 - 13*h**2 + 3*h - 9. Let g be w(-13). Let j = g - -126. What is the highest common divisor of 26 and j?
26
Let j = 473 - -58. What is the highest common divisor of 59 and j?
59
Let d = 76 - -34. Suppose -5*u = -4*u - d. What is the highest common divisor of u and 22?
22
Let l(h) = -h**3 - 11*h**2 - 13*h + 10. Let x be l(-9). Let f be (2/(-3))/(1/(-6)). Let g be (-15)/x - f/(-7). Calculate the greatest common divisor of g and 5.
1
Suppose -5*u - 3 + 23 = 0. Suppose 17*n - u = 16*n. Suppose 3*j + 39 = 5*q - 9, 3*q - 2*j - 28 = 0. What is the highest common factor of n and q?
4
Suppose 0 = -2*c - 18 + 36. What is the highest common factor of c and 1?
1
Suppose -2*h = -2*y - 0*y + 364, -5*h - 2*y = 896. Let v be ((-12)/(-10))/((-24)/h). Let d = -15 - -51. What is the highest common divisor of d and v?
9
Let x(r) = 27*r - 112. Let b be x(6). Calculate the greatest common factor of 320 and b.
10
Let o be ((-92)/8)/((-13)/234). What is the highest common factor of 276 and o?
69
Suppose -2*n + 873 = -1255. Calculate the greatest common factor of 14 and n.
14
Suppose -3 = -6*j + 15. Suppose j*i = -3*i + 162. What is the greatest common factor of i and 9?
9
Let q(u) = -4*u**3 - 7*u**2 + 13*u - 2. Let t be q(-7). What is the highest common factor of t and 117?
117
Suppose 19*m + 42*m - 77836 = 0. What is the greatest common factor of 88 and m?
44
Let d(q) = -76*q - 271. Let j be d(-4). Let m be -5*(-2 + (-7)/(-5)). Suppose 0 = -m*b - j + 168. What is the highest common factor of b and 30?
15
Let h(d) be the first derivative of d**4/2 - 20*d**3/3 + 5*d**2/2 - 20*d - 34. Let u be h(10). What is the greatest common factor of 6 and u?
6
Let m(r) = 2*r**2 + 34*r - 116. Let g be m(-27). Calculate the greatest common factor of 24 and g.
8
Let d = -1458 + 2421. What is the highest common factor of d and 9?
9
Suppose 0 = 2*c + 2*z - 12, -7*c + 3*c + 22 = 5*z. Calculate the highest common factor of c and 968.
8
Let n be 143 - 2 - (-5 - -2). Let l = 546 - 522. Calculate the highest common divisor of n and l.
24
Let j be (-6)/(-4)*16/(-6). Let p = 14 + j. Let n = p + 13. Calculate the highest common factor of n and 253.
23
Suppose 252*x - 180 = 246*x. Calculate the highest common divisor of x and 282.
6
Let w be 4/14 + 5/7. Let m be 1 - (0 - 2) - (3 - 1). Let f = m + 3. What is the greatest common divisor of f and w?
1
Suppose -14*j + 111 + 183 = 0. Suppose -10*t - j = -121. What is the greatest common factor of t and 40?
10
Suppose 0 = -q + 1 + 19. Let a(u) = -3*u - 7. Let x be a(-5). Calculate the highest common factor of q and x.
4
Let r be (-8 + 10)/(1/2). What is the greatest common divisor of r and 1?
1
Suppose -y - 34 = -o - 3*o, 4*o - 112 = 4*y. Let j = y + 31. Suppose -2*l - 5*q = -20, -5 = j*q + 5. Calculate the greatest common divisor of 105 and l.
15
Let m = 666 + -1194. Let a be (8/(0 + 2))/2. Let f be (a/(-4))/(8/m). What is the highest common divisor of 11 and f?
11
Suppose 4*b - 3683 = -695. Suppose 5*m - 203 - b = 0. Calculate the highest common divisor of m and 76.
38
Let v(s) = 74*s**2 - 3*s - 3. Let b = 83 + -84. Let p be v(b). Calculate the greatest common factor of p and 37.
37
Let f(a) = -a**2 + 4. Let i be f(0). Let x be (3/i)/((-3)/(-12)). Let d be 9*x/(-9)*-4. Calculate the greatest common factor of d and 108.
12
Let h(v) = 3*v**2 + v + 10. Let k be h(3). What is the highest common factor of 5 and k?
5
Let q = 924 + -452. Calculate the greatest common divisor of 48 and q.
8
Suppose -4*h - 3 + 35 = 0. Let t(q) = 2 + 9*q**3 + q**2 - 2 - q - 2. Let b be t(2). Calculate the greatest common divisor of b and h.
8
Let d = -400 - -457. What is the highest common divisor of 684 and d?
57
Suppose -3*i = -i + 2*l - 74, -3*i = 5*l - 115. Let k be (14/i)/(1/100). Suppose 5*o - 65 = -8*o. What is the highest common factor of k and o?
5
Suppose 463 = 2*b - 69. Calculate the greatest common divisor of 38 and b.
38
Suppose -8*u + 384 = 4*u. What is the greatest common divisor of 32 and u?
32
Let p = -126 - -166. Calculate the highest common factor of p and 24.
8
Suppose -10*j = -13*j + 30. Let u = 11 - 6. Suppose u*x = 89 + 461. What is the highest common divisor of j and x?
10
Let j = 59 - 55. Suppose 0 = -5*x - 6*m + m + 20, -5*m = -j*x + 61. What is the greatest common divisor of x and 72?
9
Suppose -42*i = -37*i. Suppose -4*a + 3*y + 67 + 32 = i, -2*a - 5*y = -17. What is the highest common divisor of a and 7?
7
Let n be 360/45*27/4. Calculate the highest common factor of 12 and n.
6
Suppose -11*s + 79 + 42 = 0. Calculate the greatest common factor of s and 341.
11
Let k = 96 + 29. What is the greatest common divisor of k and 625?
125
Suppose 2*x + 67 = 5*p, -2*p - 3*x + 22 = -5*x. Let i = p + -9. Let f = i - -2. Calculate the highest common divisor of 64 and f.
8
Suppose 4*x - 15*q + 13*q = 2298, 591 = x + 5*q. Calculate the greatest common divisor of x and 9.
9
Let k be (-2)/(-5)*5 - 6*-2. Calculate the greatest common factor of k and 42.
14
Let n(r) = -7*r**3 + 84*r**2 - 3*r + 11. Let f be n(12). Suppose -a + 2 = a. Let g = a - f. Calculate the highest common divisor of 13 and g.
13
Let k be 126/(-315) + 214/10. What is the highest common divisor of 21 and k?
21
Let l(c) = -c**3 - 6*c**2 + 8*c + 10. Let v be l(-7). Suppose -h - s = 2*s - 40, -12 = -v*s. What is the greatest common factor of 4 and h?
4
Let p(a) = -19*a + 190. Let m be p(-4). Let n(l) = 5*l**3 - 2*l**2 + 3*l. Let g be n(2). What is the greatest common factor of m and g?
38
Let b(g) = 24*g**3 + 4*g**2 - 2*g + 4. Let r be b(3). Calculate the highest common divisor of 11 and r.
11
Let j = -129 + 225. Let h = -25 + 27. Suppose -n = -h*f + 19, -7*n = 4*f - 2*n - 73. Calculate the greatest common divisor of j and f.
12
Suppose -2 = -2*z + 2, -3*z + 405 = 3*y. What is the greatest common divisor of 76 and y?
19
Let w be 162/(-63)*98/(-42). Calculate the highest common factor of 972 and w.
6
Let p = -27 - -21. Let a(r) = r**3 + 7*r**2 - 5*r + 4. Let t be a(p). Calculate the highest common factor of t and 10.
10
Let a(w) = -w + 3. Suppose -2*x = 3*x. Let d be a(x). Let i be (44/12 - d)*15. What is the highest common factor of 20 and i?
10
Let x = -783 - -800. What is the greatest common factor of 799 and x?
17
Let s(y) = -y**3 - 53*y**2 - 102*y + 28. Let g be s(-51). Calculate the greatest common divisor of 14 and g.
14
Let d = -31 - -36. Suppose d*j - 50 = 2*i + 20, 4*i - 68 = -3*j. Let s be 1/4 + (-1533)/(-12). Calculate the highest common factor of j and s.
16
Suppose -3*x - 269 = -56. Let a = 190 + x. What is the highest common divisor of a and 34?
17
Let g(q) = q**2 + 5*q + 9. Let w be g(-4). Suppose 5*m = f + 436, 4*m - w*m + 85 = 2*f. Calculate the greatest common factor of 29 and m.
29
Let u be (3 - 3)*(0 - 1). Suppose u = p - 0*p - 8. Suppose 6*r = -4 + 16. Calculate the greatest common factor of p and r.
2
Suppose -4*q + 4*x = -264 - 288, -2*x - 548 = -4*q. Calculate the highest common factor of 340 and q.
68
Suppose z - 2*t - 8 = 0, 2*t + t - 13 = -z. Let w be ((-5)/(-3))/((-10 + 12)/12). What is the greatest common factor of w and z?
10
Let q(u) = 152*u + 6. Let v be q(5). Let d = v + -486. What is the highest common factor of d and 35?
35
Let h(l) = -10*l - 128. Let i be h(-15). What is the highest common factor of 946 and i?
22
Let n be -6*(392/30 - (-14)/(-35)). Let j = 91 + n. Calculate the highest common factor of 5 and j.
5
Let q(y) = -3*y**2 + 109*y - 110. Let j be q(35). Let n(a) = -a**3 - a**2 - 2*a - 5. Let k be n(-5). What is the greatest common factor of j and k?
15
Let d be (-12)/(-8) - (-1644)/8. Let z = -147 + d. Calculate the highest common factor of 10 and z.
10
Let u = -23 + 44. Suppose 4*a = -g + 84, 21 = a - 9*g + 12*g. What is the highest common divisor of a and u?
21
Let s(q) = -q**3 - 13*q**2 + 26*q - 32. Let d be s(-15). Suppose -2*l + 22 = -x, 3*l - d = x - 2*x. Calculate the greatest common factor of 10 and l.
10
Let c be (-1626)/(-4) - (-4)/8. Suppose 22*u = 26*u - 148. Calculate the greatest common divisor of u and c.
37
Let c be 8/3*(-27)/(-4). Let u = 2838 - 2814. Calculate the greatest common factor of u 